s 1512 a multiple of 54?
True
Does 23 divide 56534?
True
Is 280 a multiple of 8?
True
Is 4 a factor of 856?
True
Is 64513 a multiple of 82?
False
Is 11 a factor of 16753?
True
Does 9 divide 122580?
True
Is 2 a factor of 1125?
False
Does 105 divide 6733?
False
Is 2145 a multiple of 15?
True
Is 47 a factor of 21069?
False
Does 14 divide 2145?
False
Is 5184 a multiple of 7?
False
Is 31 a factor of 443?
False
Is 15 a factor of 347?
False
Is 352 a multiple of 8?
True
Is 54607 a multiple of 29?
True
Does 40 divide 7960?
True
Does 17 divide 18517?
False
Is 1584 a multiple of 2?
True
Is 8 a factor of 100?
False
Is 16 a factor of 697?
False
Is 100 a factor of 8060?
False
Does 15 divide 90?
True
Is 2187 a multiple of 103?
False
Is 45 a factor of 37019?
False
Does 6 divide 2447?
False
Is 24 a factor of 1719?
False
Does 5 divide 28?
False
Is 10 a factor of 380?
True
Is 109809 a multiple of 88?
False
Does 36 divide 6578?
False
Is 44 a factor of 3036?
True
Is 14 a factor of 4200?
True
Does 20 divide 34140?
True
Is 29 a factor of 638?
True
Is 24 a factor of 2544?
True
Is 71448 a multiple of 78?
True
Does 16 divide 3950?
False
Is 2557 a multiple of 26?
False
Is 345 a multiple of 345?
True
Is 34 a factor of 3162?
True
Does 26 divide 254?
False
Does 12 divide 324?
True
Is 31320 a multiple of 168?
False
Does 9 divide 49581?
True
Does 8 divide 1649?
False
Does 19 divide 6384?
True
Does 18 divide 6894?
True
Does 5 divide 8130?
True
Is 10155 a multiple of 47?
False
Does 107 divide 23789?
False
Does 61 divide 122?
True
Does 30 divide 89?
False
Is 71 a factor of 397?
False
Is 4 a factor of 1546?
False
Does 12 divide 10527?
False
Is 12 a factor of 4080?
True
Does 5 divide 1010?
True
Is 15 a multiple of 15?
True
Is 4 a factor of 2092?
True
Does 23 divide 17342?
True
Is 11313 a multiple of 9?
True
Is 2068 a multiple of 47?
True
Is 16 a factor of 147?
False
Is 18509 a multiple of 12?
False
Is 1472 a multiple of 92?
True
Is 90 a factor of 1966?
False
Does 80 divide 72480?
True
Is 3717 a multiple of 147?
False
Is 210 a multiple of 7?
True
Is 23 a factor of 437?
True
Does 3 divide 397?
False
Is 2256 a multiple of 31?
False
Is 10830 a multiple of 19?
True
Is 91 a factor of 20566?
True
Is 130 a multiple of 13?
True
Is 3893 a multiple of 57?
False
Is 10 a factor of 295?
False
Does 26 divide 3232?
False
Is 49 a factor of 3576?
False
Does 3 divide 415?
False
Is 14968 a multiple of 4?
True
Is 107 a multiple of 2?
False
Is 2160 a multiple of 144?
True
Does 15 divide 3645?
True
Is 7 a factor of 662?
False
Does 3 divide 147?
True
Is 4073 a multiple of 27?
False
Is 19 a factor of 35815?
True
Does 5 divide 76?
False
Is 39 a factor of 48444?
False
Is 3888 a multiple of 16?
True
Is 79 a factor of 16195?
True
Does 33 divide 2561?
False
Is 21 a factor of 1092?
True
Does 36 divide 1548?
True
Does 44 divide 2248?
False
Is 198 a multiple of 17?
False
Does 62 divide 2046?
True
Is 44 a factor of 5684?
False
Is 60 a multiple of 2?
True
Is 151 a factor of 11929?
True
Does 180 divide 2975?
False
Is 4850 a multiple of 97?
True
Is 14 a factor of 9128?
True
Is 45 a factor of 1935?
True
Is 8700 a multiple of 74?
False
Is 19 a factor of 6289?
True
Is 6 a factor of 2990?
False
Is 2115 a multiple of 31?
False
Does 8 divide 2167?
False
Is 10 a factor of 251?
False
Is 537 a multiple of 5?
False
Does 12 divide 13509?
False
Is 7935 a multiple of 192?
False
Is 176 a multiple of 88?
True
Does 31 divide 62535?
False
Does 48 divide 546?
False
Is 84 a factor of 17052?
True
Is 13 a factor of 6924?
False
Is 6153 a multiple of 47?
False
Is 16 a factor of 13084?
False
Is 9 a factor of 207?
True
Does 18 divide 16341?
False
Is 25 a factor of 2395?
False
Does 3 divide 26339?
False
Is 696 a multiple of 8?
True
Is 60 a factor of 11154?
False
Does 85 divide 71655?
True
Is 10 a factor of 20434?
False
Is 178 a multiple of 21?
False
Is 29 a factor of 3654?
True
Does 6 divide 318?
True
Does 8 divide 2014?
False
Is 270 a multiple of 18?
True
Is 26 a factor of 8034?
True
Is 41258 a multiple of 11?
False
Does 29 divide 29?
True
Does 74 divide 40097?
False
Does 24 divide 264?
True
Is 32 a factor of 5408?
True
Is 3 a factor of 347?
False
Is 9385 a multiple of 5?
True
Is 4 a factor of 3405?
False
Does 322 divide 52642?
False
Does 9 divide 2068?
False
Does 80 divide 26000?
True
Does 58 divide 1102?
True
Is 103 a factor of 1288?
False
Does 148 divide 11248?
True
Does 16 divide 31968?
True
Does 18 divide 1598?
False
Is 26 a factor of 910?
True
Is 16 a factor of 5339?
False
Does 40 divide 9905?
False
Is 19 a factor of 4807?
True
Is 15 a factor of 2270?
False
Does 76 divide 2209?
False
Is 31692 a multiple of 139?
True
Is 5908 a multiple of 14?
True
Does 78 divide 4949?
False
Is 382 a multiple of 12?
False
Is 40 a factor of 250?
False
Is 25 a factor of 3425?
True
Is 8 a factor of 6215?
False
Does 32 divide 1664?
True
Does 14 divide 2338?
True
Does 42 divide 7728?
True
Is 9243 a multiple of 79?
True
Is 17520 a multiple of 80?
True
Does 11 divide 83039?
True
Is 34 a factor of 136?
True
Is 10562 a multiple of 15?
False
Does 119 divide 3332?
True
Is 1232 a multiple of 16?
True
Does 21 divide 114?
False
Does 6 divide 1752?
True
Is 2531 a multiple of 30?
False
Does 39 divide 888?
False
Does 19 divide 4731?
True
Does 29 divide 1694?
False
Is 38 a factor of 25574?
True
Does 12 divide 1356?
True
Is 376 a multiple of 18?
False
Is 14546 a multiple of 11?
False
Is 1055 a multiple of 9?
False
Is 1848 a multiple of 4?
True
Is 16 a factor of 176?
True
Does 33 divide 29754?
False
Does 46 divide 1748?
True
Is 11932 a multiple of 27?
False
Is 1934 a multiple of 23?
False
Is 585 a multiple of 13?
True
Is 7704 a multiple of 18?
True
Is 62 a factor of 17050?
True
Is 22 a factor of 672?
False
Is 15 a factor of 1425?
True
Is 1582 even?
True
Does 29 divide 46?
False
Does 13 divide 1608?
False
Does 14 divide 1106?
True
Is 4 a factor of 7434?
False
Is 109 a factor of 15151?
True
Is 86 a factor of 17372?
True
Is 6079 a multiple of 39?
False
Is 22 a factor of 1489?
False
Does 26 divide 15210?
True
Is 426 a multiple of 20?
False
Is 10 a factor of 2290?
True
Is 28 a multiple of 2?
True
Is 10 a factor of 200?
True
Is 1201 a multiple of 27?
False
Does 21 divide 253?
False
Is 6468 a multiple of 11?
True
Does 7 divide 532?
True
Is 155 a multiple of 5?
True
Does 18 divide 3998?
False
Does 26 divide 312?
True
Does 17 divide 551?
False
Is 52 a factor of 74932?
True
Is 4514 a multiple of 122?
True
Is 47 a factor of 2369?
False
Does 38 divide 3860?
False
Is 26815 a multiple of 155?
True
Is 12318 a multiple of 5?
False
Does 14 divide 28?
True
Is 8 a factor of 2640?
True
Is 10 a factor of 730?
True
Does 2 divide 1197?
False
Is 8 a factor of 40208?
True
Does 29 divide 2204?
True
Is 29760 a multiple of 151?
False
Does 345 divide 83145?
True
Is 138 a factor of 1437?
False
Is 117 a factor of 15795?
True
Is 2282 a multiple of 4?
False
Does 17 divide 77?
False
Is 12 a factor of 324?
True
Is 19608 a multiple of 24?
True
Does 4 divide 4523?
False
Is 11 a factor of 43?
False
Does 128 divide 108160?
True
Is 13408 a multiple of 32?
True
Is 748 a multiple of 68?
True
Is 585 a multiple of 9?
True
Is 18 a factor of 18144?
True
Is 29 a factor of 29?
True
Is 104 a factor of 20122?
False
Does 9 divide 713?
False
Is 22 a factor of 5978?
False
Does 46 divide 757?
False
Does 63 divide 1512?
True
Is 10097 a multiple of 68?
False
Is 6 a factor of 1146?
True
Is 2560 a multiple of 27?
False
Does 135 divide 7695?
True
Is 9372 a multiple of 22?
True
Does 21 divide 1303?
False
Is 684 a multiple of 83?
False
Does 63 divide 35165?
False
Does 68 divide 136?
True
Is 98 a multiple of 49?
True
Is 16 a factor of 728?
False
Is 360 a multiple of 6?
True
Does 52 divide 884?
True
Is 3509 a multiple of 7?
False
Is 6 a factor of 181?
False
Is 4 a factor of 788?
True
Does 47 divide 33050?
False
Is 22 a factor of 2089?
False
Does 17 divide 850?
True
Is 2880 a multiple of 40?
True
Does 12 divide 11244?
True
Is 5670 a multiple of 6?
True
Does 3 divide 2841?
True
Does 59 divide 1829?
True
Does 15 divide 107?
False
Does 13 divide 472?
False
Is 21 a factor of 14007?
True
Is 57540 a multiple of 15?
True
Does 31 divide 8892?
False
Is 52 a multiple of 4?
True
Is 530 a multiple of 18?
False
Does 27 divide 891?
True
Is 101 